ided by (-18 + (-1474)/(-88))/((-1)/24).
2
Let q(n) = 2*n**2 + 91*n + 2574. What is the remainder when q(0) is divided by 640?
14
Suppose 0 = -j + 8 + 5. Suppose 3*z + 0*z - 534 = -3*k, -2*z = 5*k - 881. Calculate the remainder when ((-222)/(-126)*3 + -5)*k is divided by j.
11
Let k = -35 + 37. Suppose 2*b - 2*a = 46, -2*b - 5*a = k*b - 101. Suppose 0*u - 3*u + b = 0. What is the remainder when 11 is divided by u?
3
Suppose -2*m = -100*p + 101*p - 40, -p = 4*m - 72. Calculate the remainder when 35727 is divided by m.
15
Let t = -6651 + 6687. Suppose -4*v - v = -20. Suppose 25 = v*q - 55. Calculate the remainder when t is divided by q.
16
Suppose -2*b - 2*m + 478 = 0, 974 = 4*b - 2*m - 3*m. Let d(l) = l**3 + 11*l**2 - 29*l - 28. What is the remainder when b is divided by d(-13)?
10
Calculate the remainder when 12495/18 + 98/(-588) is divided by 41.
38
Let g = 4904 + -4894. What is the remainder when 3399 is divided by g?
9
Let h(v) = 53*v - 6028. Calculate the remainder when 277 is divided by h(115).
9
Let f = 5780 + -5714. Calculate the remainder when 2243 is divided by f.
65
Suppose 5*w - 5*i - 65 = 0, 2*w = -2*i - 36 + 58. Let u be 4/10 - (-22)/(-5). What is the remainder when 48 + u/4 + -2 is divided by w?
9
Calculate the remainder when (-12)/18 + (-25915)/(-6) + (-153)/102 is divided by 40.
37
Let i = 9025 - 8492. Calculate the remainder when i is divided by 167.
32
Suppose z - 2*z = 5*n - 30, -n + 5*z - 20 = 0. Suppose -2*t + 118 = n*f - 6*t, 0 = 2*t - 6. What is the remainder when 67 is divided by f?
15
Let n = -4 - -5. What is the remainder when 4/6 + (-26)/30 + 27456/880 is divided by n?
0
Suppose -2*d + u + 7 = 1, 2*u = 5*d - 15. Let q(b) = b - 2. Let j(r) = -2*r + 13. Calculate the remainder when j(6) is divided by q(d).
0
Let w = 9358 - 9006. What is the remainder when w is divided by 61?
47
Suppose 90*h - 62293 = 25*h + 267972. Calculate the remainder when h is divided by 62.
59
Let x = -36 + 41. Suppose -3*u = h - 18, -x*h - 2*u = -8*h + 21. What is the remainder when 31 is divided by h?
4
Suppose 5*w - 10 + 5 = 0. Suppose -i - 17 = -55. Calculate the remainder when w + i - (-11 - -11) is divided by 20.
19
Suppose -341*h + 330*h + 154 = 0. What is the remainder when 54 is divided by h?
12
Let r = 103 + -76. Suppose r = 8*y - 21. Suppose -10*l = y*l - 880. What is the remainder when l is divided by 29?
26
Let q = 70 + -600. Let u = q - -570. What is the remainder when 90 is divided by u?
10
Suppose h = -1, -4*a = -h + 5*h - 1072. Suppose -12*w = -7*w - 340. Calculate the remainder when a is divided by w.
65
Suppose -5*d - 3*l + 2032 = 0, 1216 = 6*d - 3*d + 5*l. Calculate the remainder when d is divided by 101.
3
Calculate the remainder when 6344 is divided by (-67)/(5494/(-194709))*2/3.
12
Let s(k) = -k**3 + 5*k**2 + 10*k + 3. Let o be s(6). Suppose c = 4*c - o. Suppose -23*u = 320 - 1493. Calculate the remainder when u is divided by c.
6
Suppose 3*c - 56 = 4*n, 8*c - 9*c + 10 = 3*n. Suppose -2*z = -8*g + 7*g - 58, 0 = 4*g - c. What is the remainder when (5 - -2)*(-90)/(-7) is divided by z?
28
Suppose -18917 + 2045 = -222*p. What is the remainder when 495 is divided by p?
39
Let t(i) = -424*i + 168. Calculate the remainder when t(-4) is divided by 21.
16
Let x(n) = -20*n**2 + 792*n + 109. What is the remainder when x(39) is divided by 195?
187
Let d = 426 + 575. What is the remainder when d is divided by 203?
189
Let b = 379 - 539. What is the remainder when 24/(-30)*-3*b/(-3) is divided by 26?
24
Suppose z - 63*o - 77 = -58*o, -4*z - 2*o + 242 = 0. What is the remainder when 557 is divided by z?
61
Let c(b) = -4*b - 53. Let n be c(-14). Suppose -353 + 323 = -n*g. Calculate the remainder when 96 is divided by g.
6
Suppose -24*w + 39 + 33 = 0. What is the remainder when 17 is divided by w?
2
Suppose -65*j - 32*j + 873 = 0. What is the remainder when 1588 is divided by j?
4
Calculate the remainder when (-3)/1*(-13)/(741/1957) is divided by 13.
12
Let m(o) = o**2 - 7*o + 12. Let s be m(4). Suppose -3*g - 4*h + 62 = s, g - 5*h - 7 = 1. What is the remainder when 197 is divided by g?
17
Let g(k) = -k + 6. Let b = 167 - 163. Calculate the remainder when 6 is divided by g(b).
0
Let w(a) = 2*a**3 - 11*a**2 - 40*a + 135. Let f(v) = v**3 - 5*v**2 - 20*v + 68. Let s(z) = 7*f(z) - 4*w(z). Calculate the remainder when s(10) is divided by 29.
7
Let l = -127 + 132. Suppose -44 = -l*a + 66. What is the remainder when 74 is divided by a?
8
Let p(w) = -w**2 + 8*w - 9. Let l be p(6). Suppose -o + 3*u + 7 = -49, -u - 136 = -l*o. Suppose -r = -3*r + o. What is the remainder when 64 is divided by r?
20
Let o = -37 + 5. Let y = -24 - -42. What is the remainder when (-16 + 19)/(o/(-29) - 1) is divided by y?
11
Suppose 0 = -5*a - 26 + 21. Calculate the remainder when 32 is divided by (3 - 30/9)*a*27.
5
Let g = -6362 - -6440. Calculate the remainder when 2102 is divided by g.
74
Calculate the remainder when -44 + 53 + -1 + 11 is divided by 17.
2
Suppose 7 = -u - 4*p, -4*u = 2*p + 2*p - 8. Let h(l) be the first derivative of -l**3/3 + 2*l**2 + 12*l + 10. What is the remainder when h(u) is divided by 2?
1
Suppose -w - 2*z - 14 = 0, -5*w - 15 = -0*w - z. Let d be 15/((-75)/598) + w/10. Let i = -60 - d. Calculate the remainder when i is divided by 31.
29
Let t = 162 - 153. Suppose -280 = -t*r + r. Calculate the remainder when 138 is divided by r.
33
Suppose 27*d = -12*d + 44694. Calculate the remainder when d is divided by 25.
21
Let h = -7471 - -11838. Calculate the remainder when h is divided by 93.
89
Suppose 3*b = 12*b + 1512. Let f = b - -176. Suppose 4*i = 20 + 96. What is the remainder when i is divided by f?
5
Let q = 6482 - 6280. What is the remainder when 534 is divided by q?
130
Suppose -4*r + 829 = -d, -d - 5 = -0. Suppose 5*n + 3*p = r, -5*p = 5*n - 4*p - 202. Calculate the remainder when n is divided by 6.
4
Let s be 0/7*-1*(-3)/(-9). Suppose s = -143*y + 139*y + 100. Let u(k) = -k**2 + k + 73. Calculate the remainder when u(0) is divided by y.
23
Suppose 4*l = -p + 56, 4*l + 284 = 59*p - 55*p. What is the remainder when 139 is divided by p?
3
Let t(y) = 11*y**2 - 1134*y + 127. What is the remainder when 623 is divided by t(103)?
23
Let v(h) = h**3 + 8*h**2 - h - 4. Let x be v(-8). Suppose 3*q - x*l - 6 = 2*q, -3*l = 3. Suppose q*c - 75 = -3*c. What is the remainder when 27 is divided by c?
12
Suppose 10*k + 5*n = 11*k - 138, -3*k - 3*n + 360 = 0. What is the remainder when k is divided by 107?
16
Suppose 4 - 2 = r. Suppose 0*l - 12 = -r*l. Suppose p - 4*h - 15 = 0, p - l = h - 0*h. What is the remainder when 10 is divided by p?
1
Let b = 26 + -92. Let j = 129 + b. What is the remainder when 943 is divided by j?
61
Suppose 6*r + 253 = -5*r. Calculate the remainder when (r/(-2))/((-1)/(-6)) is divided by 12.
9
Suppose l = 5*a + 613, -a + 2*a = 4*l - 2395. Calculate the remainder when l is divided by (1/(-3))/((-32)/(-161280)*-28).
58
What is the remainder when (-20 - -20) + 242 + -1 is divided by 22?
21
Suppose -1666*s - 31584 = -1807*s. Calculate the remainder when s is divided by 40.
24
Let d(s) = s. Let r(n) = 4*n - 33. Let m(i) = 5*d(i) - r(i). Suppose 2*u + 2*f = -26, 3*u + 3*f + 32 = 7*f. Calculate the remainder when 61 is divided by m(u).
19
Calculate the remainder when 9974 is divided by (930/93 - (-1 - -140))*12/(-9).
170
Let q(f) = -f**3 - 42*f**2 - 5*f - 96. Calculate the remainder when q(-43) is divided by 34.
30
Let a be 5/(-3) - (-31)/(-93). What is the remainder when -44*a/(20/5) is divided by 22?
0
Let s(k) = 59*k + 749. Calculate the remainder when s(-8) is divided by 4.
1
Suppose -f + 4*i - 63 = 0, i - 49 = f + 14. Let x = f - -68. Calculate the remainder when (-2)/3 + 20/3 is divided by x.
1
Let v be ((-3128)/28)/(-1) + 4/14. Let q = 123 - v. Calculate the remainder when 63 is divided by (q/7)/(3/21).
8
Suppose 16*y - 4 = -4. Suppose y = -5*t - 8*t + 273. Let o = 0 - -4. What is the remainder when t is divided by o?
1
Suppose -w - 5*x + 9 = 0, -3*w - 18 + 115 = x. Suppose -369 = -w*b - 7*b. Calculate the remainder when 143 is divided by b.
8
Suppose 45*t = 10*t + 32375. Suppose 26*l + t = 7841. What is the remainder when l is divided by 17?
11
What is the remainder when 84 + 134/22 + (-4)/44 + 8 is divided by 33?
32
Calculat